{"id":93,"date":"2014-12-04T16:40:18","date_gmt":"2014-12-04T15:40:18","guid":{"rendered":"http:\/\/www.grupiref.org\/filosofia-formacion\/?page_id=93"},"modified":"2023-07-18T08:24:50","modified_gmt":"2023-07-18T06:24:50","slug":"master-filosofia-318-on-line-p4c-fpn","status":"publish","type":"page","link":"https:\/\/www.grupiref.org\/filosofia-formacion\/master-filosofia-318-on-line-p4c-fpn\/","title":{"rendered":"Diploma de Especializaci\u00f3n en Filosof\u00eda 3\/18-Filosof\u00eda para Ni\u00f1os"},"content":{"rendered":"<p><iframe loading=\"lazy\" title=\"YouTube video player\" src=\"https:\/\/www.youtube.com\/embed\/RAU0zoE7GDI\" width=\"590\" height=\"345\" frameborder=\"0\" allowfullscreen=\"allowfullscreen\"><\/iframe><\/p>\n<p>El Diploma se propone dotar a estudiantes y profesionales de la ense\u00f1anza de un conocimiento en profundidad del <strong>proyecto Filosof\u00eda 3\/18 &#8211; FpN<\/strong> para ayudarles a ser m\u00e1s competentes en las aulas y darles el bagaje te\u00f3rico y pr\u00e1ctico para convertirse, eventualmente, en formadores de formadores. Supone un conocimiento b\u00e1sico e inicial de <strong>Filosof\u00eda para Ni\u00f1os, Ni\u00f1as y Adolescentes<\/strong>\u00a0a partir de cursos de iniciaci\u00f3n, diplomados o equivalentes que ofrecen los diferentes centros de <strong>FpN<\/strong> en el mundo.<\/p>\n<p><a href=\"https:\/\/www.fundacioudg.org\/ca\/diploma-despecialitzacio-en-filosofia-318.html\" target=\"_blank\" rel=\"noopener\" data-saferedirecturl=\"https:\/\/www.google.com\/url?q=https:\/\/www.fundacioudg.org\/ca\/diploma-despecialitzacio-en-filosofia-318.html&amp;source=gmail&amp;ust=1688460070611000&amp;usg=AOvVaw03AlnvA9PXoA6Gdk1mKka2\"><strong><img loading=\"lazy\" decoding=\"async\" class=\"size-full wp-image-406 alignleft\" src=\"https:\/\/www.grupiref.org\/filosofia-formacion\/wp-content\/uploads\/2023\/07\/boton-enlace1.png\" alt=\"\" width=\"38\" height=\"30\" \/>Diploma de Especializaci\u00f3n en Filosof\u00eda 3\/18-Filosof\u00eda para Ni\u00f1os<\/strong><\/a><br \/>\n(ver <strong><a href=\"https:\/\/www.fundacioudg.org\/baixades\/diplomadeespecializacionenfilosofia3-18fpnesp002.pdf\" target=\"_blank\" rel=\"noopener\" data-saferedirecturl=\"https:\/\/www.google.com\/url?q=https:\/\/www.fundacioudg.org\/baixades\/diplomadeespecializacionenfilosofia3-18fpnesp002.pdf&amp;source=gmail&amp;ust=1688460070611000&amp;usg=AOvVaw2x1jmtepMXYjHXkgQ9wRBJ\">pdf en espa\u00f1ol<\/a><\/strong>)<\/p>\n","protected":false},"excerpt":{"rendered":"<p>El Diploma se propone dotar a estudiantes y profesionales de la ense\u00f1anza de un conocimiento en profundidad del proyecto Filosof\u00eda 3\/18 &#8211; FpN para ayudarles a ser m\u00e1s competentes en las aulas y darles el bagaje te\u00f3rico y pr\u00e1ctico para convertirse, eventualmente, en formadores de formadores. Supone un conocimiento b\u00e1sico e inicial de Filosof\u00eda para &hellip; <a href=\"https:\/\/www.grupiref.org\/filosofia-formacion\/master-filosofia-318-on-line-p4c-fpn\/\" class=\"more-link\">Sigue leyendo <span class=\"screen-reader-text\">Diploma de Especializaci\u00f3n en Filosof\u00eda 3\/18-Filosof\u00eda para Ni\u00f1os<\/span><\/a><\/p>\n","protected":false},"author":1,"featured_media":0,"parent":0,"menu_order":0,"comment_status":"closed","ping_status":"closed","template":"","meta":{"footnotes":""},"class_list":["post-93","page","type-page","status-publish","hentry"],"_links":{"self":[{"href":"https:\/\/www.grupiref.org\/filosofia-formacion\/wp-json\/wp\/v2\/pages\/93","targetHints":{"allow":["GET"]}}],"collection":[{"href":"https:\/\/www.grupiref.org\/filosofia-formacion\/wp-json\/wp\/v2\/pages"}],"about":[{"href":"https:\/\/www.grupiref.org\/filosofia-formacion\/wp-json\/wp\/v2\/types\/page"}],"author":[{"embeddable":true,"href":"https:\/\/www.grupiref.org\/filosofia-formacion\/wp-json\/wp\/v2\/users\/1"}],"replies":[{"embeddable":true,"href":"https:\/\/www.grupiref.org\/filosofia-formacion\/wp-json\/wp\/v2\/comments?post=93"}],"version-history":[{"count":10,"href":"https:\/\/www.grupiref.org\/filosofia-formacion\/wp-json\/wp\/v2\/pages\/93\/revisions"}],"predecessor-version":[{"id":408,"href":"https:\/\/www.grupiref.org\/filosofia-formacion\/wp-json\/wp\/v2\/pages\/93\/revisions\/408"}],"wp:attachment":[{"href":"https:\/\/www.grupiref.org\/filosofia-formacion\/wp-json\/wp\/v2\/media?parent=93"}],"curies":[{"name":"wp","href":"https:\/\/api.w.org\/{rel}","templated":true}]}}