{"id":68,"date":"2014-12-04T15:49:45","date_gmt":"2014-12-04T14:49:45","guid":{"rendered":"http:\/\/www.grupiref.org\/filosofia-formacion\/?page_id=68"},"modified":"2023-06-23T12:45:44","modified_gmt":"2023-06-23T10:45:44","slug":"pensar-con-la-musica","status":"publish","type":"page","link":"https:\/\/www.grupiref.org\/filosofia-formacion\/pensar-con-la-musica\/","title":{"rendered":"PENSAR CON LA MUSICA"},"content":{"rendered":"<p><img loading=\"lazy\" decoding=\"async\" width=\"843\" height=\"500\" class=\"alignnone size-medium wp-image-70\" src=\"http:\/\/www.grupiref.org\/filosofia-formacion\/wp-content\/uploads\/2014\/12\/a-nenecap-MUSICA0212.jpg\" alt=\"Pensar con la m\u00fasica\" \/><\/p>\n<p>La m\u00fasica siempre ha estado presente en lo proyectoFilosof\u00eda 3\/18, de manera indirecta (en todos los programas hay alusiones a la m\u00fasica,ya sea en el libro del alumno o en el manual por el profesorado). Poco a poco, a medida que hemos ido experimentando posibilidades dentro de los distintos programas, hemos visto el potencial de la m\u00fasica como recurso que nos puede ayudar en y a la reflexi\u00f3n, a trav\u00e9s de un trabajo ligado a las habilidades y tambi\u00e9n a las actitudes.<\/p>\n<p>Teniendo en cuenta que el proyecto es una apuesta clara para utilizar las artes como punto de partida para la reflexi\u00f3n, ampliar las posibilidades a partir de la m\u00fasica no era m\u00e1s que ampliar esta l\u00ednea. Pensar con la m\u00fasica forma parte del material art\u00edstico que estamos utilizando en las aulas: la literatura, la narrativa o la poes\u00eda, la pintura o el cine; por esto, nos parec\u00eda que la introducci\u00f3n de la m\u00fasica como sujeto de pensamiento no era sino una forma de crecimiento.<\/p>\n<p>Ofrecemos unos dossieres, en formato pdf, con sugerencias para trabajar con fragmentos musicales en el aula como una propuesta complementaria a los textos, que son siempre la base o punto de partida. Tambi\u00e9n enlazamos las listas de las audiciones creadas en Spotify.<\/p>\n<p>&nbsp;<\/p>\n<p><strong>DOSSIER EDUCACI\u00d3N INFANTIL \u00a0<\/strong><a href=\"https:\/\/www.grupiref.org\/filosofia-formacion\/wp-content\/uploads\/2022\/09\/ESP-DOSSIER-ED-INFANTIL-v.09-22.pdf\" target=\"_blank\" rel=\"noopener noreferrer\"><img loading=\"lazy\" decoding=\"async\" class=\"alignnone size-full wp-image-125\" src=\"http:\/\/www.grupiref.org\/wp-content\/uploads\/2014\/07\/PDF-filosofia3.png\" alt=\"PDF\" width=\"38\" height=\"30\" align=\"middle\" border=\"0\" \/><\/a><\/p>\n<p>Lista de reproducci\u00f3n de la m\u00fasica para EDUCACI\u00d3N INFANTIL <br \/>\n(Jugar a pensar \u2013 CUENTOS) <a href=\"https:\/\/open.spotify.com\/playlist\/4SJf18yFrX76bv9jFxKLXJ?si=2ec37ab498bb4265\" target=\"_blank\" rel=\"noopener\"><img loading=\"lazy\" decoding=\"async\" class=\"alignnone size-full wp-image-125\" src=\"http:\/\/www.grupiref.org\/wp-content\/uploads\/2021\/07\/111-icono-spotify.png\" alt=\"Spotify\" width=\"33\" height=\"33\" align=\"middle\" border=\"0\" \/><\/a><\/p>\n<p>Lista de reproducci\u00f3n de la m\u00fasica para EDUCACI\u00d3N INFANTIL<br \/>\n(Jugar a pensar \u2013 CUADROS) <a href=\"https:\/\/open.spotify.com\/playlist\/4BohXX1zXaB00sITyeXoeA?si=c5dc10df482847ef\" target=\"_blank\" rel=\"noopener\"><img loading=\"lazy\" decoding=\"async\" class=\"alignnone size-full wp-image-125\" src=\"http:\/\/www.grupiref.org\/wp-content\/uploads\/2021\/07\/111-icono-spotify.png\" alt=\"Spotify\" width=\"33\" height=\"33\" align=\"middle\" border=\"0\" \/><\/a><\/p>\n<p>&nbsp;<\/p>\n<p><strong>DOSSIER CICLO INICIAL<\/strong> <a href=\"https:\/\/www.grupiref.org\/filosofia-formacion\/wp-content\/uploads\/2022\/09\/ESP-DOSSIER-CICLO-INICIAL-v-09-22.pdf\" target=\"_blank\" rel=\"noopener noreferrer\"><img loading=\"lazy\" decoding=\"async\" class=\"alignnone size-full wp-image-125\" src=\"http:\/\/www.grupiref.org\/wp-content\/uploads\/2014\/07\/PDF-filosofia3.png\" alt=\"PDF\" width=\"38\" height=\"30\" align=\"middle\" border=\"0\" \/><\/a><\/p>\n<p>Lista de reproducci\u00f3n de la m\u00fasica para CICLO INICIAL<br \/>\n(<em>P\u00e9bili<\/em>) <a href=\"https:\/\/open.spotify.com\/playlist\/1GfvC5NChRKsEM5DEKq7zM?si=bdd033fe65714f51\" target=\"_blank\" rel=\"noopener\"><img loading=\"lazy\" decoding=\"async\" class=\"alignnone size-full wp-image-125\" src=\"http:\/\/www.grupiref.org\/wp-content\/uploads\/2021\/07\/111-icono-spotify.png\" alt=\"Spotify\" width=\"33\" height=\"33\" align=\"middle\" border=\"0\" \/><\/a><\/p>\n<p>&nbsp;<\/p>\n<p><strong>DOSSIER CICLO MEDIO<\/strong> <a href=\"https:\/\/www.grupiref.org\/filosofia-formacion\/wp-content\/uploads\/2022\/09\/ESP-DOSSIER-CICLO-MITJA-v-09-22.pdf\" target=\"_blank\" rel=\"noopener noreferrer\"><img loading=\"lazy\" decoding=\"async\" class=\"alignnone size-full wp-image-125\" src=\"http:\/\/www.grupiref.org\/wp-content\/uploads\/2014\/07\/PDF-filosofia3.png\" alt=\"PDF\" width=\"38\" height=\"30\" align=\"middle\" border=\"0\" \/><\/a><\/p>\n<p>Lista de reproducci\u00f3n de la m\u00fasica para CICLO MEDIO<br \/>\n(<em>Kio y Gus<\/em>) <a href=\"https:\/\/open.spotify.com\/playlist\/2tpisif8YbFaZnRdtQCzrH?si=28274c5d92cc47eb\" target=\"_blank\" rel=\"noopener\"><img loading=\"lazy\" decoding=\"async\" class=\"alignnone size-full wp-image-125\" src=\"http:\/\/www.grupiref.org\/wp-content\/uploads\/2021\/07\/111-icono-spotify.png\" alt=\"Spotify\" width=\"33\" height=\"33\" align=\"middle\" border=\"0\" \/><\/a><\/p>\n<p>&nbsp;<\/p>\n<p>\n<strong>DOSSIER CICLE SUPERIOR<\/strong> <a href=\"https:\/\/www.grupiref.org\/filosofia-formacion\/wp-content\/uploads\/2022\/09\/ESP-DOSSIER-CICLO-SUPERIOR-v-09-22.pdf\" target=\"_blank\" rel=\"noopener noreferrer\"><img loading=\"lazy\" decoding=\"async\" class=\"alignnone size-full wp-image-125\" src=\"http:\/\/www.grupiref.org\/wp-content\/uploads\/2014\/07\/PDF-filosofia3.png\" alt=\"PDF\" width=\"38\" height=\"30\" align=\"middle\" border=\"0\" \/><\/a><\/p>\n<p>Lista de reproducci\u00f3n de la m\u00fasica para CICLO SUPERIOR<br \/>\n(<em>Pixie<\/em>) <a href=\"https:\/\/open.spotify.com\/playlist\/14fH5Zs4Wl715ZX0qjndQb?si=2ed8a588e37b4bc0\" target=\"_blank\" rel=\"noopener\"><img loading=\"lazy\" decoding=\"async\" class=\"alignnone size-full wp-image-125\" src=\"http:\/\/www.grupiref.org\/wp-content\/uploads\/2021\/07\/111-icono-spotify.png\" alt=\"Spotify\" width=\"33\" height=\"33\" align=\"middle\" border=\"0\" \/><\/a><\/p>\n<p>&nbsp;<\/p>\n<p>\n<strong>DOSSIER ESO 1r i 2n<\/strong> <a href=\"https:\/\/www.grupiref.org\/filosofia-formacion\/wp-content\/uploads\/2022\/09\/ESP-DOSSIER-ESO-1r-2n-v-09-22.pdf\" target=\"_blank\" rel=\"noopener noreferrer\"><img loading=\"lazy\" decoding=\"async\" class=\"alignnone size-full wp-image-125\" src=\"http:\/\/www.grupiref.org\/wp-content\/uploads\/2014\/07\/PDF-filosofia3.png\" alt=\"PDF\" width=\"38\" height=\"30\" align=\"middle\" border=\"0\" \/><\/a><\/p>\n<p>Lista de reproducci\u00f3n de la m\u00fasica para ESO &#8211; 1\u00ba y 2\u00ba <br \/>\n(<em>El descubrimiento de Harry<\/em>) <a href=\"https:\/\/open.spotify.com\/playlist\/10ATR8XK7Qf5e73p5qhvfv?si=50ec4c9f4c2f4ff9\" target=\"_blank\" rel=\"noopener\"><img loading=\"lazy\" decoding=\"async\" class=\"alignnone size-full wp-image-125\" src=\"http:\/\/www.grupiref.org\/wp-content\/uploads\/2021\/07\/111-icono-spotify.png\" alt=\"Spotify\" width=\"33\" height=\"33\" align=\"middle\" border=\"0\" \/><\/a><\/p>\n<p>&nbsp;<\/p>\n<p><strong>DOSSIER ESO 3\u00ba y 4\u00ba<\/strong> <a href=\"https:\/\/www.grupiref.org\/filosofia-formacion\/wp-content\/uploads\/2022\/09\/ESP-DOSSIER-ESO-3r-4t-v-09-22.pdf\" target=\"_blank\" rel=\"noopener noreferrer\"><img loading=\"lazy\" decoding=\"async\" class=\"alignnone size-full wp-image-125\" src=\"http:\/\/www.grupiref.org\/wp-content\/uploads\/2014\/07\/PDF-filosofia3.png\" alt=\"PDF\" width=\"38\" height=\"30\" align=\"middle\" border=\"0\" \/><\/a><\/p>\n<p>Lista de reproducci\u00f3n de la m\u00fasica para ESO \u2013 3\u00ba y 4\u00ba<br \/>\n(<em>Elisa<\/em>) <a href=\"https:\/\/open.spotify.com\/playlist\/0J7vhuiQGbCUnpuAscdWBW?si=89001c026fc14fe0\" target=\"_blank\" rel=\"noopener\"><img loading=\"lazy\" decoding=\"async\" class=\"alignnone size-full wp-image-125\" src=\"http:\/\/www.grupiref.org\/wp-content\/uploads\/2021\/07\/111-icono-spotify.png\" alt=\"Spotify\" width=\"33\" height=\"33\" align=\"middle\" border=\"0\" \/><\/a><\/p>\n<p>&nbsp;<\/p>\n<p>&nbsp;<\/p>\n","protected":false},"excerpt":{"rendered":"<p>La m\u00fasica siempre ha estado presente en lo proyectoFilosof\u00eda 3\/18, de manera indirecta (en todos los programas hay alusiones a la m\u00fasica,ya sea en el libro del alumno o en el manual por el profesorado). Poco a poco, a medida que hemos ido experimentando posibilidades dentro de los distintos programas, hemos visto el potencial de &hellip; <a href=\"https:\/\/www.grupiref.org\/filosofia-formacion\/pensar-con-la-musica\/\" class=\"more-link\">Sigue leyendo <span class=\"screen-reader-text\">PENSAR CON LA MUSICA<\/span><\/a><\/p>\n","protected":false},"author":1,"featured_media":0,"parent":0,"menu_order":0,"comment_status":"closed","ping_status":"closed","template":"","meta":{"footnotes":""},"class_list":["post-68","page","type-page","status-publish","hentry"],"_links":{"self":[{"href":"https:\/\/www.grupiref.org\/filosofia-formacion\/wp-json\/wp\/v2\/pages\/68","targetHints":{"allow":["GET"]}}],"collection":[{"href":"https:\/\/www.grupiref.org\/filosofia-formacion\/wp-json\/wp\/v2\/pages"}],"about":[{"href":"https:\/\/www.grupiref.org\/filosofia-formacion\/wp-json\/wp\/v2\/types\/page"}],"author":[{"embeddable":true,"href":"https:\/\/www.grupiref.org\/filosofia-formacion\/wp-json\/wp\/v2\/users\/1"}],"replies":[{"embeddable":true,"href":"https:\/\/www.grupiref.org\/filosofia-formacion\/wp-json\/wp\/v2\/comments?post=68"}],"version-history":[{"count":10,"href":"https:\/\/www.grupiref.org\/filosofia-formacion\/wp-json\/wp\/v2\/pages\/68\/revisions"}],"predecessor-version":[{"id":391,"href":"https:\/\/www.grupiref.org\/filosofia-formacion\/wp-json\/wp\/v2\/pages\/68\/revisions\/391"}],"wp:attachment":[{"href":"https:\/\/www.grupiref.org\/filosofia-formacion\/wp-json\/wp\/v2\/media?parent=68"}],"curies":[{"name":"wp","href":"https:\/\/api.w.org\/{rel}","templated":true}]}}