{"id":351,"date":"2023-06-23T08:31:42","date_gmt":"2023-06-23T06:31:42","guid":{"rendered":"https:\/\/www.grupiref.org\/filosofia-formacion\/?page_id=351"},"modified":"2023-06-23T08:31:42","modified_gmt":"2023-06-23T06:31:42","slug":"equipo","status":"publish","type":"page","link":"https:\/\/www.grupiref.org\/filosofia-formacion\/equipo\/","title":{"rendered":"Equipo"},"content":{"rendered":"<p><strong>Personal<\/strong><br \/>\n Gl\u00f2ria Arbon\u00e9s (directora)<br \/>\n Marta Mart\u00ed<\/p>\n<p><strong>Colaboradoras\/es y formadoras\/es<\/strong><br \/>\n I\u00f1aki Andr\u00e9s<br \/>\n Gl\u00f2ria Arbon\u00e8s<br \/>\n Emili Azuara<br \/>\n Anna Baiges<br \/>\n Carla Carreras<br \/>\n F\u00e9lix de Castro<br \/>\n Cristina Centeno<br \/>\n Laia Cos<br \/>\n Manuela G\u00f3mez<br \/>\n Marta Mart\u00ed<br \/>\n Blai Martin<br \/>\n Jordi Nomen<br \/>\n Jordi Saez<\/p>\n<p><strong>Miembros honorarios<\/strong><br \/>\n Eul\u00e0lia Bosch<br \/>\n Irene de Puig <br \/>\n Josep M. Terricabras<\/p>\n","protected":false},"excerpt":{"rendered":"<p>Personal Gl\u00f2ria Arbon\u00e9s (directora) Marta Mart\u00ed Colaboradoras\/es y formadoras\/es I\u00f1aki Andr\u00e9s Gl\u00f2ria Arbon\u00e8s Emili Azuara Anna Baiges Carla Carreras F\u00e9lix de Castro Cristina Centeno Laia Cos Manuela G\u00f3mez Marta Mart\u00ed Blai Martin Jordi Nomen Jordi Saez Miembros honorarios Eul\u00e0lia Bosch Irene de Puig Josep M. Terricabras<\/p>\n","protected":false},"author":1,"featured_media":0,"parent":0,"menu_order":0,"comment_status":"closed","ping_status":"closed","template":"","meta":{"footnotes":""},"class_list":["post-351","page","type-page","status-publish","hentry"],"_links":{"self":[{"href":"https:\/\/www.grupiref.org\/filosofia-formacion\/wp-json\/wp\/v2\/pages\/351","targetHints":{"allow":["GET"]}}],"collection":[{"href":"https:\/\/www.grupiref.org\/filosofia-formacion\/wp-json\/wp\/v2\/pages"}],"about":[{"href":"https:\/\/www.grupiref.org\/filosofia-formacion\/wp-json\/wp\/v2\/types\/page"}],"author":[{"embeddable":true,"href":"https:\/\/www.grupiref.org\/filosofia-formacion\/wp-json\/wp\/v2\/users\/1"}],"replies":[{"embeddable":true,"href":"https:\/\/www.grupiref.org\/filosofia-formacion\/wp-json\/wp\/v2\/comments?post=351"}],"version-history":[{"count":1,"href":"https:\/\/www.grupiref.org\/filosofia-formacion\/wp-json\/wp\/v2\/pages\/351\/revisions"}],"predecessor-version":[{"id":352,"href":"https:\/\/www.grupiref.org\/filosofia-formacion\/wp-json\/wp\/v2\/pages\/351\/revisions\/352"}],"wp:attachment":[{"href":"https:\/\/www.grupiref.org\/filosofia-formacion\/wp-json\/wp\/v2\/media?parent=351"}],"curies":[{"name":"wp","href":"https:\/\/api.w.org\/{rel}","templated":true}]}}